Suppose h - 16 = g - 36, a*g - h = 62. What is the highest common divisor of g and 14?
7
Let i be (-15)/(-9)*(-3 - -6). Let q be ((-16)/(-24))/(4/6). Let x be 14 + q/(1/1). Calculate the highest common divisor of i and x.
5
Suppose 2 = x + x. Let r = -572 + 583. What is the greatest common divisor of r and x?
1
Let c be (-6)/1*(-125)/10. Suppose 0*k = -5*k - c. Let y = 23 + k. What is the greatest common divisor of y and 4?
4
Let z = 26 + -18. Let g be ((-28)/z)/(2/(-4)). Let j(t) = 7*t**2 - 15*t + 3. Let w be j(3). What is the highest common factor of g and w?
7
Let n(s) = 19*s + 13. Let j(r) = 5*r + 3. Let i(l) = -22*j(l) + 6*n(l). Let u be i(6). Let m = 221 + -131. What is the highest common divisor of u and m?
18
Let p = -282 + 378. What is the greatest common factor of 64 and p?
32
Let o(z) = 68*z**3 + 15*z - 14. Let h be o(1). What is the greatest common factor of 69 and h?
69
Suppose -14*q + 119 = -10*q - 3*u, 5*q = -3*u + 115. Calculate the greatest common divisor of 832 and q.
26
Let g = 3 + 0. Suppose -g*a + 20 = 8. Suppose 12 = a*l - 36. What is the greatest common divisor of l and 4?
4
Let z(o) = o**2 - 4*o - 2. Let j be z(6). Suppose -5*k + 4 = -21. What is the highest common divisor of j and k?
5
Suppose -k - 4 = 4*y - 18, y = k + 1. Let j be -1 - -1 - (-6 - y). Suppose 0 = f + 2*u - 8, 0*f - u = 3*f - j. What is the greatest common factor of f and 6?
2
Let s = -107 + 117. Suppose -y - 10 = -5*y + 3*u, -3*y + 3*u = -6. Calculate the highest common factor of s and y.
2
Let g be 1/3 - 1653/(-9). Suppose 3*w + w = g. Let j be (-2)/(-8) + w/8. What is the highest common factor of j and 48?
6
Let z(r) = 25*r + 13. Let o be z(1). What is the highest common divisor of o and 513?
19
Let k be (-65)/(-4) + 1/(-4). Let c = 42 + -35. Let x be (-4)/(-10) + c/((-210)/(-2388)). Calculate the highest common factor of k and x.
16
Let l = 19 + -10. Suppose -4*g = -l*g + 130. Calculate the highest common divisor of 130 and g.
26
Suppose -v - 36 = -2*b, 97 = -0*b + 5*b + v. Calculate the greatest common divisor of b and 247.
19
Suppose 8*o - 3*o = 200. Suppose 85*h - 1131 - 569 = 0. Calculate the highest common factor of o and h.
20
Suppose 0 = l + 2*j - 0*j - 54, -4 = -2*j. Suppose -1625 = -10*y - 3*y. Calculate the highest common divisor of y and l.
25
Let p(b) be the second derivative of -b**5/20 + 5*b**4/12 + 2*b**3/3 - 7*b**2/2 - b. Let v be p(-4). What is the greatest common factor of v and 11?
11
Suppose 2*a - d = d, 0 = -4*a - d - 10. Let r(b) = -46*b - 7. Let n be r(a). What is the greatest common divisor of 17 and n?
17
Let o be (-13 + -1 + 4)*-3. Suppose 0 = 2*n + 6 - o. What is the highest common factor of 8 and n?
4
Suppose -4*x + 9*x + 132 = 4*i, 3*x = 2*i - 68. What is the greatest common divisor of i and 140?
28
Let g(i) = -i**2 - 14*i - 30. Let s be g(-7). Let z = 33 - s. Calculate the greatest common factor of z and 42.
14
Let g = -11 - -16. Let t(s) = 15 + 23 - s - g. Let z be t(14). Calculate the highest common divisor of 133 and z.
19
Let t = 31 - 5. Let z = t + -18. Suppose -u + 69 = -3*r, -5*r + 0*r - 139 = -2*u. What is the greatest common factor of u and z?
8
Let f = -183 - -190. Let r = 107 + -49. Suppose -12 - r = -2*n. What is the highest common factor of f and n?
7
Let d be ((-3)/(-6))/((-2)/(-48)). Let y(p) = -2*p**2 - 38*p - 84. Let w be y(-16). Calculate the greatest common factor of w and d.
12
Let l(s) = -s + s**2 + 2*s - 3*s - 5 + 4*s. Let n be l(-4). Suppose 3*f - 5*f - 3*v = -111, 194 = n*f - v. Calculate the greatest common divisor of 7 and f.
7
Let f = -1408 - -1576. Calculate the highest common factor of f and 312.
24
Let w = -7 + 13. Suppose q + 4*j = 20, -4*q + 14 = -4*j - w. Let b = -3 - -15. Calculate the highest common divisor of b and q.
4
Let z(o) = o**3 - 4*o**2 + 22*o - 53. Let j be z(4). What is the highest common divisor of j and 49?
7
Let x = 681 + -678. Calculate the highest common factor of x and 147.
3
Let y = -377 + 447. Calculate the greatest common factor of 70 and y.
70
Let u be ((-200)/(-16))/((-3)/(-6)). Suppose -11*j + u = 3. Calculate the greatest common factor of j and 2.
2
Let h = 1 - -3. Let i(q) = 4*q + 1 + 3*q**2 + 2 - h*q**2. Let u be i(3). What is the greatest common divisor of u and 4?
2
Suppose -673 = -4*x + 227. Let q = 1066 - 976. What is the highest common factor of q and x?
45
Suppose 200 = 25*m - 23*m + 5*h, h = 3*m - 266. Calculate the highest common divisor of m and 120.
30
Suppose -2*m - 3*f + 118 = 0, 3*m - 199 + 22 = -2*f. What is the greatest common factor of 1 and m?
1
Suppose 3*n + 0*n - 6 = -a, n = -3*a + 50. What is the highest common divisor of a and 558?
18
Suppose 75 = -2*p + 1. Let d = 43 + p. What is the greatest common factor of 42 and d?
6
Let x = -76 + 78. Let m be (42 - 10) + 2*x. What is the highest common divisor of 90 and m?
18
Suppose -6*w = -7*w - 7*w. Suppose 5*l = -15, -l + w*l + 97 = n. What is the highest common factor of 50 and n?
50
Suppose h + 35 = -2*x + 1, 3*h = -12. Let k(u) = 2*u**2 + 8*u - 20. Let b be k(x). Calculate the greatest common factor of b and 10.
10
Let p = 352 - 226. Calculate the highest common divisor of 294 and p.
42
Let m be ((-106)/(-4))/1 + 36/(-72). Let r be m/4 + (-15)/10. What is the greatest common factor of r and 55?
5
Suppose 4*x - 5*k - 1337 = 567, 0 = 4*k - 16. What is the highest common divisor of 39 and x?
13
Let t(d) = 44*d - 180. Let l be t(5). Calculate the greatest common factor of l and 520.
40
Let x be (6/5)/((-6)/(-60)). Let w be (-114)/(-171) + 1 + 26/6. Calculate the highest common factor of x and w.
6
Suppose -3*f + 265 = 25. Calculate the highest common divisor of 1040 and f.
80
Let b be 7/4*-2*2. Let c = b + 12. Let u = 55 - 30. What is the greatest common factor of u and c?
5
Suppose -4777*y = -4786*y + 99. Calculate the greatest common factor of y and 77.
11
Let k(f) = f + 119. Let i be k(0). Suppose -j - 2*j + 3 = 0. Let q be (2 - (4 - j))*-17. Calculate the highest common divisor of q and i.
17
Suppose 4*j = -6*a + 2*a + 12, -4*j - 4 = 0. Suppose a*s - 2*g = -0*s + 64, 0 = -4*s - 5*g + 50. What is the greatest common divisor of s and 120?
15
Let k be 194/4 + 0 + 13/(-26). Suppose 15 = -3*s + x + 50, -4*s + k = -x. Calculate the greatest common factor of 52 and s.
13
Let q be 0 + 2 - (4 - (-54 - -1)). Let u = 73 + q. Suppose 5*b - 2*o = 362, 214 = 4*b + 5*o - 69. What is the highest common factor of u and b?
18
Suppose 0 = 5*f - 73 - 62. Suppose k - 4*b - 17 = -8*b, -3*k = 4*b - f. Calculate the greatest common divisor of 55 and k.
5
Suppose 9*n = -593 + 1205. What is the highest common factor of 17 and n?
17
Let p(b) = -5*b**2 + 3*b**3 + 3*b + 2*b - 6 + 0*b**3. Suppose 18 = 16*a - 10*a. Let y be p(a). Calculate the greatest common divisor of 15 and y.
15
Suppose -345 = -3*x + 3*y, -2*x + y + 0*y = -235. Let m = x - 104. Calculate the highest common factor of 8 and m.
8
Let d be 16/24 + 5/(-3). Let b be 5 + 1 + (-1 - d). What is the highest common factor of 66 and b?
6
Let i = -29 + 59. Let v = -55 - -79. Suppose -3*n = 15, -v = 3*x - 5*n - 274. Calculate the greatest common divisor of x and i.
15
Suppose 68*z = 61*z + 140. What is the greatest common divisor of z and 70?
10
Let m be (9/(-27)*15)/(2/(-54)). Calculate the greatest common factor of m and 30.
15
Suppose -3*a - 388 = -424. What is the greatest common factor of a and 852?
12
Suppose -4*x - 5*i + 60 = 0, x + i - 30 = -x. Suppose -3*y = -12 - x. Calculate the greatest common divisor of y and 27.
9
Let o(w) = 5*w**2 - 3*w - 34. Let a be o(-4). Calculate the highest common divisor of 174 and a.
58
Let c(m) = -m**3 - 6*m**2 + m + 7. Let g be c(-6). Let w(h) = -5*h + 21. Let u be w(6). Let s = -6 - u. What is the highest common divisor of s and g?
1
Let u = -426 - -669. Suppose 3*d = 3*a - 141, 4*a + 3*d = -a + u. What is the highest common factor of a and 72?
24
Let i(g) = -g + 7. Let p be i(-6). Suppose -15 = -2*o + p. Let d be (-4)/(-3)*147/o. Calculate the greatest common divisor of d and 56.
14
Let b = -1638 - -1776. What is the greatest common factor of 253 and b?
23
Suppose 2291 = 5*i - 4*h + 682, 4*i = 4*h + 1284. What is the highest common divisor of i and 25?
25
Suppose -3*o - 49 = 2*v, -10*v + 5*o - 89 = -8*v. Let b = 40 + v